0
Suppose 2*i - 180 = 454. Let y = 369 - i. Calculate the remainder when y is divided by 17.
1
Let w = -25 - -43. Let s = -164 + 368. Suppose -4*a = -4*o + 220, 23*o + 4*a = 19*o + s. What is the remainder when o is divided by w?
17
Let c(n) = 6*n + 128. Let j be ((-80)/12)/(10/(-6) + 2). What is the remainder when 31 is divided by c(j)?
7
Let a(u) = 2*u**2 + 6*u - 4. Let g be a(-3). Let n be (-3 - (-5)/2) + 150/g. Let c = -30 - n. Calculate the remainder when c is divided by 2.
0
Let g = 5845 + -5821. Calculate the remainder when 15454 is divided by g.
22
Let j(o) = -2 + 2*o + 4*o + 1. Let s(k) = 60*k - 177. Let x be s(3). What is the remainder when 83 is divided by j(x)?
15
Let u(g) = -16*g. Let y be u(-8). Suppose 0 = -6*k + y + 94. Suppose 2*z - k = 31. What is the remainder when 92 is divided by z?
24
Suppose 7*c + 15 = 92. What is the remainder when 6 - c/(-7 - -6) is divided by (-9)/4*(-2 - 2)?
8
Suppose 141*a + 48 = 125*a. What is the remainder when ((-16)/(-6))/(2/a) + 121 is divided by 30?
27
Suppose -19*p + 4400 = 25*p. Calculate the remainder when p is divided by 46.
8
Calculate the remainder when (-22 - 1)/(7/(-161)) is divided by 26.
9
Let i(z) = -4*z - 7. Let d be i(-3). Suppose -320 = -d*g - l, -l = 2*l - 15. Let s = g + -53. What is the remainder when s is divided by 7?
3
Suppose 0 = 227*p + 4393 - 12431 + 2136. Suppose 0 = -4*t + t + 1161. Calculate the remainder when t is divided by p.
23
Let d = -50 - -47. Let v(g) = -5*g - 12. Let f be v(d). Suppose -f*b - 3*b = -162. Calculate the remainder when b is divided by 8.
3
Let k be (8 + (-480)/45)*(1 - 7). Suppose k*q = 30*q - 868. What is the remainder when 241 is divided by q?
55
Suppose 2*x = 5*y - 883, -84 = -3*y - x + 437. Let m = y + -89. What is the remainder when m is divided by 29?
28
Calculate the remainder when 6 - (-2671)/2 - 4/8 is divided by 48.
45
Let a = -130 + 132. Suppose 0*p - 2*p = -d - 43, 5*p - a*d = 108. Calculate the remainder when 42 is divided by p.
20
Suppose 4*z - 3*z + 4 = 0. Let r(p) = 107*p - 181. What is the remainder when r(2) is divided by (2 - -13) + (-2 - z)?
16
Suppose -m + 7*a + 80 = 2*a, -4*m = 3*a - 228. Let j = -200149 - -200267. What is the remainder when j is divided by m?
58
Suppose 6*w = -5*i + 4*w + 864, -5*i + 876 = -2*w. Calculate the remainder when 640 is divided by i.
118
Let u = -699 + 720. What is the remainder when 480 is divided by u?
18
Let b(m) = -200*m + 656. Calculate the remainder when 375 is divided by b(3).
39
Let c = 4 + -10. Let y(z) = z**3 + 6*z**2 - 2*z + 3. Let i = 2047 + -1929. Calculate the remainder when i is divided by y(c).
13
Let z(k) = -2*k - 47*k**2 - k**3 + 6 + 51*k**2 - 20. What is the remainder when 217 is divided by z(-3)?
52
Let r be 3/8 - (-33)/48*3454. Suppose 14*h = -5*h + r. Calculate the remainder when h is divided by 18.
17
Let o(s) = 14*s - 1. Calculate the remainder when o(6) is divided by (10/40)/((-16)/(-896)).
13
Let o = 1058 + -954. Calculate the remainder when o is divided by 15.
14
Let y(t) = 11*t**2 - 2. Let n(b) = b**2 - 22*b - 803. Calculate the remainder when n(-22) is divided by y(2).
39
What is the remainder when (-4322)/(-12) - (-32)/(-192) is divided by 182?
178
Let c = -73 + 193. Suppose -5*g + 5*j = -c, 0*g + 2*g - 4*j - 38 = 0. Suppose -18*x + g*x - 1243 = 0. What is the remainder when x is divided by 29?
26
Let r(o) = -6*o - 105. What is the remainder when ((-4374)/12)/(-9)*4 is divided by r(-25)?
27
Let k be (-2 - 152/(-36)) + (-12)/54. Suppose -3*y - 397 = -j - 3*j, k*j - y = 199. Calculate the remainder when j is divided by 15.
10
Suppose -3*w = q - 15 - 41, 3*q = -7*w + 126. Suppose -t = -33 + 1. Calculate the remainder when t is divided by w.
11
Let r(x) = 157*x - 121. Calculate the remainder when r(14) is divided by 52.
49
Let d(o) = o**2 + 20*o - 1156. Calculate the remainder when 562 is divided by d(-48).
186
Let t = 659 + -939. Let p = t + 429. Calculate the remainder when p is divided by 8.
5
Let o(x) = 33*x**2 - x - 47. Calculate the remainder when o(-7) is divided by 29.
11
Let x = 32 + -69. Let o = -5 - x. Let w = -19 + o. Calculate the remainder when 45 is divided by w.
6
Suppose 37 = -3*a + 127. Let z = 86611 + -85952. Calculate the remainder when z is divided by a.
29
Let g(r) = -1 + 40*r - 57*r + 2*r**2 + 17*r. Calculate the remainder when (-6)/(-21) - 96/(-7) is divided by g(-2).
0
Calculate the remainder when 219 is divided by (1 + (-28)/(-20))*20/12.
3
Let h = -185 + 205. Let l be (1 + 3)/(-8)*2. What is the remainder when h is divided by 3/1*(5 + l)?
8
Suppose -3*v - 8*h = -9*h - 13, v - 7 = 3*h. Calculate the remainder when 41 is divided by 372/16 + v/(-16).
18
Let c(s) = -26*s - 2187. Calculate the remainder when c(-124) is divided by 10.
7
Let z(k) = -5*k**3 - 14*k**2 - 3*k + 12. Let j(d) = 3*d**3 + 7*d**2 + 2*d - 6. Let t(x) = -7*j(x) - 4*z(x). What is the remainder when 178 is divided by t(6)?
16
Let r = 75 - 75. Suppose -y = -r*y + 49. Let x = y - -77. What is the remainder when x is divided by 16?
12
Let f(y) = y**3 - 8*y**2 + 9*y + 5. Suppose -h + 67 = -5*k, -h - 3*k + 5*k + 58 = 0. Let g = h - 45. What is the remainder when f(g) is divided by 12?
7
Let q = -8271 - -9090. What is the remainder when q is divided by 92?
83
Let n = -134841 + 134917. Let m = -300 + 753. What is the remainder when m is divided by n?
73
Calculate the remainder when 2129 is divided by ((-1107)/18)/((-28)/32*(-42)/(-49)).
79
Suppose 9351 - 64888 = -37*r. What is the remainder when r is divided by 167?
165
Suppose 0 = -12*u + 10*u + 4. Suppose -1 = u*o - 1. Suppose -2*t + t + 21 = o. Calculate the remainder when t is divided by 5.
1
What is the remainder when 11932 is divided by 682/(-1)*(52/(-136) + (-34)/289)?
338
Let p = -638 - -674. What is the remainder when 437 is divided by p?
5
Suppose 5*u - 1567 = 3*y, 22*u + 5*y + 331 = 23*u. Calculate the remainder when u is divided by 6.
5
Suppose 5*l - 3*l = 4*t - 3086, -3*t + 3*l + 2319 = 0. Suppose 83*y = 73*y + t. What is the remainder when 384 is divided by y?
76
Let c = 0 - -13. Suppose 4*i - 5 = g - 3, 3*g = 4*i + 18. What is the remainder when c is divided by -4*g/4*-1?
3
Let x(d) = 4*d**2 + 5*d - 2. Let u be (-21)/(-14)*(-4)/(-3). What is the remainder when 88 is divided by x(u)?
16
Let h(g) = 9*g + 75. Let f be h(7). Suppose 2*b = 5*b - f. What is the remainder when 229 is divided by b?
45
Suppose -y + 17 = -3*t - 1, 26 = 3*y - 2*t. Suppose y*c = 4*c + 44. What is the remainder when c is divided by 3?
1
Let v = -39147 + 39158. What is the remainder when 1523 is divided by v?
5
Let i = -672 - -754. Calculate the remainder when 1474 is divided by i.
80
Let o = 3199 - 3194. Calculate the remainder when 414 is divided by o.
4
Let j be ((-228)/(-15))/((-44)/(-20) - 2). Suppose 2 = -2*y + j. Suppose -42 = 35*g - y*g. Calculate the remainder when 40 is divided by g.
19
What is the remainder when (-6)/(-27) - 5342/(-18) is divided by 162/90*40/6?
9
Suppose 4*z = -4, o - 3*o + 5*z + 71 = 0. Let q be 5 + 66/(-15) - 844/(-10). Suppose 6*g - g - q = 0. What is the remainder when o is divided by g?
16
Let i(x) = 11*x - 7811 + 7648 - x. Calculate the remainder when 536 is divided by i(17).
4
Let b be 1 + 7 + 32/(-16). Let v(p) = -3*p + b*p + 1 + 0*p. What is the remainder when v(8) is divided by 9?
7
Let b = 34 + -19. Suppose 665 = -b*j + 20*j. What is the remainder when j is divided by 34?
31
Let j(p) be the first derivative of -5*p**2 + 94*p - 35. What is the remainder when j(0) is divided by 19?
18
Suppose -5*b + 2*s = -2261, -2*s = -7*b + 9*b - 924. Calculate the remainder when b is divided by 6.
5
What is the remainder when 92 is divided by 294/1764 - (1 + 437/(-6))?
20
Let y(x) = -6*x - 27. Let l be y(-8). Suppose 11 + l = 4*b. Let s = 2 + b. Calculate the remainder when 13 is divided by s.
3
Suppose -4*f + 6 = -2*f. Let x(n) = -n**3 + 6*n**2 + 3*n - 21. Let h be 2/(-1)*(-5 + (-24)/(-8)). Calculate the remainder when x(h) is divided by f.
2
Suppose -2792*b = -2802*b + 2550. Calculate the remainder when 2295 is divided by b.
0
Suppose h - 168 = -4*v, -2*h + 401 = 4*v + 61. Let a = h - 111. What is the remainder when a is divided by 13?
9
Let t(j) = j**3 + 27*j**2 + 123*j - 55. Calculate the remainder when 965 is divided b